{"id":145,"date":"2015-09-11T20:29:33","date_gmt":"2015-09-11T19:29:33","guid":{"rendered":"http:\/\/radboudtennis.nl\/wordpress\/?page_id=145"},"modified":"2025-12-10T19:11:44","modified_gmt":"2025-12-10T17:11:44","slug":"huishoudelijk-reglement","status":"publish","type":"page","link":"https:\/\/radboudtennis.nl\/wordpress\/huishoudelijk-reglement\/","title":{"rendered":"Huishoudelijk reglement"},"content":{"rendered":"<h3>Huishoudelijk Reglement Radboud Tennis Personeelsvereniging Radboud.<\/h3>\n<h2>Artikel 1.\u00a0\u00a0 Begripsomschrijvingen.<\/h2>\n<h3>Artikel 1.1\u00a0\u00a0 Leden.<\/h3>\n<p>Lid van de vereniging kunnen zijn:<\/p>\n<ol>\n<li>Zij, die krachtens een arbeidsovereenkomst met de Radboud Universiteit Nijmegen of het RadboudUMC, al dan niet bezoldigd, bij deze instellingen werkzaam zijn.<\/li>\n<li>Zij die met een lid, conform artikel 1.1, een economische eenheid vormen en als zodanig een gezamenlijke huishouding voeren op een woonlocatie cq adres.<\/li>\n<li>Zij, die op basis van een arbeidsovereenkomst van derden bij de Radboud Universiteit Nijmegen of het RadboudUMC werkzaam zijn aan gesubsidieerde projecten ten behoeve van onderwijs en onderzoek.<\/li>\n<li>Zij, die vallen onder een wachtgeldregeling, een uitkeringsregeling of andere sociale regelingen, alsmede zij die van een vervroegde uittredingsregeling gebruik maken, een ouderdomspensioen of een andere uitkering genieten op grond van bepaalde sociale verzekeringswetten.\u00a0Voorwaarde daarbij is wel, dat zij direct hieraan voorafgaand, overeenkomstig het onder a. en b. van dit lid gestelde, werkzaam zijn geweest aan genoemde instellingen.<\/li>\n<li>Zij, die zich voor de vereniging bijzonder verdienstelijk hebben gemaakt en op voordracht van het bestuur of van tenminste 10 % van de stemgerechtigde leden door de algemene ledenvergadering met 2\/3 van de geldig uitgebrachte stemmen als erelid zijn benoemd.<\/li>\n<\/ol>\n<h3>Artikel 1.2\u00a0\u00a0\u00a0Leden van het bestuur.<\/h3>\n<p>Leden van het bestuur zijn zij die krachtens artikel 5 van de statuten van de Personeelsvereniging, tevens conform artikel 1.1 van dit reglement, uit en door de stemgerechtigde leden van de sectie tennis zijn gekozen voor het bestuur van de sectie tennis van de Personeelsvereniging Radboud Universiteit Nijmegen en RadboudUMC.<\/p>\n<h3>Artikel 1.3\u00a0\u00a0 Donateurs.<\/h3>\n<p>Donateurs zijn natuurlijke- of\u00a0\u00a0rechtspersonen, die de sectie tennis steunen. Zij behoeven niet werkzaam te zijn conform artikel 1.1. Zij verkrijgen door hun bijdrage geen recht tot deelname aan de activiteiten van de sectie echter zij worden wel ge\u00efnformeerd over alle aangelegenheden van en over de sectie.<\/p>\n<h3>Artikel 1.4\u00a0\u00a0\u00a0Gastleden, Introduc\u00e9s.<\/h3>\n<p>Gastleden ofwel introduc\u00e9s zijn natuurlijke personen die recht hebben op deelname van alle activiteiten van de sectie tennis mits de deelname van de voorkeur hebbende leden conform artikel 1.1 niet in gevaar komt. Het bestuur van de sectie tennis is gemachtigd maximaal 10 % van het ledenbestand aan gastleden aan te nemen. Op verzoek van het bestuur van de sectie tennis kan door het bestuur van de Personeelsvereniging ontheffing worden verleend om een groter aantal gastleden toe te laten. Deze ontheffing moet elk jaar opnieuw worden aangevraagd. Introduceren van gastleden is slechts voorbehouden aan leden en bestuursleden. Zij kunnen slechts \u00e9\u00e9n persoon introduceren.<\/p>\n<h3>Artikel 1.4.1\u00a0\u00a0 Categorie\u00ebn gastleden, introduc\u00e9s.<\/h3>\n<p>Er worden\u00a0twee categorie\u00ebn gastleden en introduc\u00e9s onderscheiden:<\/p>\n<ol>\n<li><em>Bijzondere gastleden\/introduc\u00e9s<\/em>. Dit zijn zij die tenminste twee jaar werkzaam zijn geweest bij tenminste \u00e9\u00e9n van de instellingen genoemd in artikel 1.1. van dit reglement en in die periode als zodanig een bestuursfunctie dan wel een functie als commissielid binnen de sectie hebben bekleed. Bij be\u00ebindiging van het dienstverband, kan het bestuur het voormalig bestuurslid of voormalig commissielid voor bepaalde jaren als bijzonder gastlid\/introduc\u00e9 toelaten. Toelating kan alleen volgen, wanneer dat direct aansluit op het be\u00ebindigen van het dienstverband en\/of het bestuurs- en\/of commissielidmaatschap. Onder bepaalde omstandigheden kan het bestuur ook andere personen, waarvan het lidmaatschap zou komen te vervallen benoemen tot bijzonder gastlid\/introduc\u00e9. Ook dan slechts aansluitend op het lidmaatschap. Voor deze categorie geldt een apart contributiebedrag.<\/li>\n<li><em>Gastleden\/introduc\u00e9s van buiten<\/em>. Dit zijn zij die niet vallen in de categorie genoemd in artikel 1.4.1 en die door een lid van de sectie tennis danwel door een lid van het bestuur zijn ge\u00efntroduceerd. Voor deze categorie geldt een apart contributiebedrag.<\/li>\n<\/ol>\n<h2>Artikel 2.\u00a0\u00a0 Maximaal ledenaantal.<\/h2>\n<p>Het maximale aantal leden is afhankelijk van de grootte van de accommodaties van de sectie tennis. Het bestuur van de sectie stelt het maximale aantal leden en introduc\u00e9s vast. Met de nu beschikbare mogelijkheden voor het beoefenen van de tennissport bedraagt dit aantal 75 leden.<\/p>\n<h2>Artikel 3.\u00a0\u00a0 Minimale leeftijd.<\/h2>\n<p>De minimum leeftijd op het moment van aanmelden bedraagt voor gastleden\/introduc\u00e9s 18 jaar. Voor werknemers, werkzaam bij instellingen genoemd in artikel 1.1, geldt geen leeftijdgrens.<\/p>\n<h2>Artikel 4.\u00a0\u00a0 Accommodaties.<\/h2>\n<h3>Artikel 4.1\u00a0\u00a0 Gebruik van de accommodatie.<\/h3>\n<p>Het is niet toegestaan gebruik te maken van de accommodaties van de sectie tennis, zolang de verschuldigde contributie en\/of andere betalingsverplichtingen niet zijn voldaan.<\/p>\n<h3>Artikel 4.2\u00a0\u00a0\u00a0 Verblijf op de accommodaties.<\/h3>\n<p>Leden en introduc\u00e9s zijn verplicht de aanwijzingen van de bestuursleden van de sectie tennis en\/of de beheerders van de accommodaties en\/of de daartoe aangewezen vertegenwoordigers op te volgen.<\/p>\n<h3>Artikel 4.3\u00a0\u00a0 Toegang tot de accommodaties.<\/h3>\n<p>De accommodaties van de sectie tennis zijn toegankelijk gedurende de door het bestuur te bepalen tijden, behoudens de goedkeuring door de beheerders van de accommodaties dan wel hun vertegenwoordigers.<\/p>\n<h3>Artikel 4.4\u00a0\u00a0 Schoeisel.<\/h3>\n<p>De leden van de sectie tennis mogen uitsluitend gebruik maken van de accommodaties van de sectie met originele tennisschoenen, m.a.w. sportschoenen zonder hakken en positief profiel.<\/p>\n<h3>Artikel 4.5\u00a0\u00a0 Baanreglement\/afhangreglement.<\/h3>\n<p>Het bestuur stelt een baanreglement en\/of een afhangreglement vast waarin nadere regels met betrekking tot het gebruik van de accommodaties zijn opgenomen. Deze reglementen worden gepubliceerd en opgenomen op de website van de sectie tennis bovendien worden deze geplaatst op het mededelingenbord nabij de accommodatie.<\/p>\n<h3>Artikel 4.6\u00a0\u00a0 Incidentele introductie tot de accommodaties.<\/h3>\n<p>Met uitzondering van de in artikel 1.4 genoemde introductie van gastleden\/introduc\u00e9s is het introduceren dan wel het toelaten van een niet tot de sectie tennis behorende speler(s) niet toegestaan. Met een geldige introductiekaart, verkrijgbaar aan de balie van het Universitair Sportcentrum, is het wel mogelijk een speler te introduceren echter met uitzondering van de banen die gereserveerd zijn voor de clubavond (woensdagavond van 17.00 tot 23.00 uur) van de sectie tennis, alsmede de clubochtend (zondagochtend van 10.00-12.00u).<\/p>\n<h2>Artikel 5\u00a0\u00a0 Contributie.<\/h2>\n<h3>Artikel 5.1\u00a0\u00a0 Hoogte van de contributie.<\/h3>\n<p>De hoogte van de contributie wordt vastgesteld in de algemene ledenvergadering. Alle leden worden ruim van tevoren schriftelijk in kennis gesteld in geval van wijziging van de hoogte van de contributie. Voor de categorie\u00ebn genoemd in artikel 1.4.1 gelden verschillende tarieven.<\/p>\n<h3>Artikel 5.2\u00a0\u00a0 Contributieverplichting.<\/h3>\n<p>Het tennisseizoen loopt van 1 januari tot en met 31 december. Omstreeks de jaarwisseling ontvangen de leden een verzoek tot betaling van de contributie voor het nieuwe seizoen. De leden zijn verplicht de verschuldigde contributie voor 1 maart te voldoen. Zij die zich als lid aanmelden bij de sectie tennis in de periode 1 oktober tot en met 15 december behoeve voor deze periode geen contributie te betalen echter zij zijn wel verplicht voor het nieuwe tennisseizoen de contributie te voldoen. Bij aanmelding na 1 maart en voor 1 oktober wordt de contributie naar rato door het bestuur vastgesteld.<\/p>\n<h2>Artikel 6\u00a0\u00a0 Be\u00ebindiging lidmaatschap.<\/h2>\n<h3>Artikel 6.1\u00a0\u00a0 Opzeggen lidmaatschap.<\/h3>\n<p>Opzeggen\/be\u00ebindigen van het lidmaatschap van de sectie tennis moet schriftelijk plaatsvinden bij de ledenadministratie en wel 1 maand voor ieder nieuw tennisseizoen dus voor 1 december. Omdat het lidmaatschap van een gastlid\/introduc\u00e9 van buiten, categorie conform artikel 1.4.1, samenhangt met het lidmaatschap van een lid, wordt bij be\u00ebindiging van het lidmaatschap van een lid van de sectie tennis, categorie conform artikel 1.1, automatisch het lidmaatschap van zijn gastlid\/introduc\u00e9 be\u00ebindigd.<\/p>\n<h3>Artikel 6.2\u00a0\u00a0 Be\u00ebindiging lidmaatschap.<\/h3>\n<p>Bij het niet voldoen van betaling van de contributie voor 1 mei van het tennisseizoen en na diverse verzoeken van de ledenadministratie wordt het lidmaatschap automatisch be\u00ebindigd. In uitzonderlijke gevallen kan door het bestuur een financi\u00eble regeling met een lid worden getroffen om be\u00ebindiging van het lidmaatschap te voorkomen.<\/p>\n<h2>Artikel 7.\u00a0\u00a0 Ledenadministratie.<\/h2>\n<p>De leden\/gastleden\/introduc\u00e9s zijn verplicht alle relevante wijzigingen in zijn of haar persoonlijke gegevens schriftelijk en zo spoedig mogelijk door te geven aan de ledenadministratie. Alle aanschrijvingen en uitnodigingen worden gezonden aan het adres dat bij de ledenadministratie bekend is. Bij herhaalde retourzendingen of onbestelbaar stopt automatisch de verzending van alle correspondentie naar dat lid.<\/p>\n<h2>Artikel 8.\u00a0\u00a0 Bestuur.<\/h2>\n<h3>Artikel 8.1\u00a0\u00a0\u00a0Samenstelling van het bestuur.<\/h3>\n<p>Het bestuur bestaat tenminste uit een voorzitter, een secretaris en een penningmeester. Daarnaast bestaat de mogelijkheid een vice-voorzitter en\/of een ledenadministrateur te benoemen, bovendien kan een lid van de toernooicommissie en\/of een lid van een andere commissie deel uit maken van het bestuur. Deze personen worden uit en door de stemgerechtigde leden van de sectie tennis tijdens de algemene ledenvergadering gekozen.<\/p>\n<h3>Artikel 8.2\u00a0\u00a0\u00a0Aftreden van het bestuur.<\/h3>\n<p>Indien op enig moment het voltallig bestuur aftreedt zal dit bestuur fungeren als tijdelijk bestuur tot de algemene ledenvergadering een nieuw bestuur heeft gekozen.\u00a0In geval van blijvende ontstentenis van alle bestuursleden fungeren de laatstelijk reglementair aftredende bestuursleden als tijdelijk bestuur. Het tijdelijk bestuur is gehouden zo spoedig mogelijk een algemene ledenvergadering bijeen te roepen voor het kiezen van een nieuw bestuur.<\/p>\n<h3>Artikel 8.3\u00a0\u00a0\u00a0Benoemingsperiode van het bestuur.<\/h3>\n<p>Bestuursleden worden benoemd voor een periode van 3 jaar. Aftredende bestuursleden kunnen zich herkiesbaar stellen. Bestuursleden gekozen voor een tussentijdse vacature zullen aftreden op het moment dat de voorgaande bestuursleden reglementair af hadden zullen treden.<\/p>\n<h3>Artikel 8.4\u00a0\u00a0\u00a0Kandidaatstelling voor het bestuur.<\/h3>\n<p>De kandidaatstelling van nieuwe bestuursleden kan geschieden op voordracht van het bestuur of op voordracht van tenminste 10 stemgerechtigde leden.\u00a0In het laatste geval moet een lijst met de handtekeningen van de leden, die de voordracht steunen, uiterlijk twee weken voor aanvang van de algemene ledenvergadering bij het bestuur ingediend worden e.e.a. vergezeld van een bereidverklaring door de kandidaat.<\/p>\n<h2>Artikel 9.\u00a0\u00a0\u00a0Algemene ledenvergadering.<\/h2>\n<h3>Artikel 9.1\u00a0\u00a0\u00a0Agenda van de algemene ledenvergadering.<\/h3>\n<p>De agenda van de algemene ledenvergadering bevat, naast de uit artikel 5 en artikel 8 van het huishoudelijk reglement van de sectie tennis voortvloeiende punten, ieder voorstel dat tenminste 14 dagen voor de algemene ledenvergadering door minimaal 5 leden schriftelijk is ingediend bij de secretaris. Het voorstel wordt toegevoegd aan de agenda van de algemene ledenvergadering. Voorts zal worden besproken al hetgeen de tot de bijeenroeping van de vergadering bevoegden daarin wensen op te nemen.<\/p>\n<h3>Artikel 9.2\u00a0\u00a0\u00a0Behandeling van agendapunten.<\/h3>\n<p>Alle op de agenda van de algemene ledenvergadering voorkomende punten worden behandeld. Tevens wordt behandeld een staande de vergadering gedaan voorstel, mits ondersteund door minimaal 5 leden, welk voorstel naar het oordeel van het bestuur rechtstreeks verband dient te houden met het aan de orde zijnde agendapunt. Op verzoek van tenminste 20 leden van de sectie tennis is de voorzitter verplicht een buitengewone algemene ledenvergadering te laten uitschrijven mits de opgave van het te behandelen onderwerp met toelichting schriftelijk bij hem is ingediend.<\/p>\n<h2>Artikel 10.\u00a0\u00a0 Wedstrijden en toernooien.<\/h2>\n<p>Wedstrijden, toernooien en andere evenementen worden na goedkeuring door het bestuur georganiseerd door de daartoe aangewezen personen en commissies.<\/p>\n<h2>Artikel 11.\u00a0\u00a0 Verantwoordelijkheid.<\/h2>\n<p>De sectie, het bestuur van de sectie tennis en commissieleden, dragen geen enkele verantwoordelijkheid van welke aard dan ook.<\/p>\n<h2>Artikel 12.\u00a0\u00a0\u00a0Communicatie met de leden.<\/h2>\n<p>De aanschrijvingen, oproepen en andere correspondentie zullen, om kosten te besparen, bij voorkeur verzonden worden per e-mail.<\/p>\n<h2>Artikel 13.\u00a0\u00a0\u00a0Overige aangelegenheden.<\/h2>\n<p>In alle overige zaken die niet zijn opgenomen in dit reglement beslist het bestuur van de sectie tennis, dit eventueel in overleg met diverse personen en\/of instanties.\u00a0\u00a0\u00a0Bestuur sectie tennis PV Radboud Tennis. November 2005.\u00a0\u00a0\u00a0Dit reglement is vastgesteld conform de Statuten van de Vereniging en het Huishoudelijk Reglement van de Personeelsvereniging Radboud Universiteit Nijmegen en\u00a0RadboudUMC Nijmegen.\u00a025 augustus 2004 kenmerk BR2508012004.<\/p>\n","protected":false},"excerpt":{"rendered":"<p>Huishoudelijk Reglement Radboud Tennis Personeelsvereniging Radboud. Artikel 1.\u00a0\u00a0 Begripsomschrijvingen. Artikel 1.1\u00a0\u00a0 Leden. Lid van de vereniging kunnen zijn: Zij, die krachtens een arbeidsovereenkomst met de Radboud Universiteit Nijmegen of het RadboudUMC, al dan niet bezoldigd, bij deze instellingen werkzaam zijn. &hellip; <a href=\"https:\/\/radboudtennis.nl\/wordpress\/huishoudelijk-reglement\/\">Lees verder <span class=\"meta-nav\">&rarr;<\/span><\/a><\/p>\n","protected":false},"author":1,"featured_media":0,"parent":0,"menu_order":0,"comment_status":"closed","ping_status":"closed","template":"","meta":{"footnotes":""},"class_list":["post-145","page","type-page","status-publish","hentry"],"_links":{"self":[{"href":"https:\/\/radboudtennis.nl\/wordpress\/wp-json\/wp\/v2\/pages\/145","targetHints":{"allow":["GET"]}}],"collection":[{"href":"https:\/\/radboudtennis.nl\/wordpress\/wp-json\/wp\/v2\/pages"}],"about":[{"href":"https:\/\/radboudtennis.nl\/wordpress\/wp-json\/wp\/v2\/types\/page"}],"author":[{"embeddable":true,"href":"https:\/\/radboudtennis.nl\/wordpress\/wp-json\/wp\/v2\/users\/1"}],"replies":[{"embeddable":true,"href":"https:\/\/radboudtennis.nl\/wordpress\/wp-json\/wp\/v2\/comments?post=145"}],"version-history":[{"count":6,"href":"https:\/\/radboudtennis.nl\/wordpress\/wp-json\/wp\/v2\/pages\/145\/revisions"}],"predecessor-version":[{"id":813,"href":"https:\/\/radboudtennis.nl\/wordpress\/wp-json\/wp\/v2\/pages\/145\/revisions\/813"}],"wp:attachment":[{"href":"https:\/\/radboudtennis.nl\/wordpress\/wp-json\/wp\/v2\/media?parent=145"}],"curies":[{"name":"wp","href":"https:\/\/api.w.org\/{rel}","templated":true}]}}